r?
False
Suppose 0 = 73*w + 499978 - 2262636. Is w prime?
False
Let l = 17 - 110. Suppose 4*s - 2*f = 20, -2*s + 20 = s - 4*f. Is l/(-6)*s/2 composite?
False
Suppose 5*f + 15 = 10*f. Suppose -9 = f*n - 24. Suppose -1280 = -3*v - 3*h + 1204, 5*h = n*v - 4150. Is v composite?
False
Suppose -7*n - 44 = -11*n. Let j(q) be the first derivative of q**3/3 + 2*q**2 - 8*q - 1. Is j(n) a prime number?
True
Suppose 31 = 16*f - 14*f - 5*s, f - 5*s = 23. Let o(k) = 2*k**2 + 7 + 8 + 4*k + k**2. Is o(f) composite?
False
Suppose 56*x = 61*x - 25195. Is x prime?
True
Let a(f) = -3375*f - 4. Is a(-1) a composite number?
False
Is (-2 + (-2)/(-2))*(-2905)/5 a prime number?
False
Let g = -7 + 7. Suppose g*x + 2*x - 2674 = 0. Is x a prime number?
False
Is (-3 + 4)*44*1268/16 a prime number?
False
Suppose 3*p - 4*p + 3232 = 0. Let h be (-8)/68 - 115419/(-51). Suppose -h - p = -5*o. Is o composite?
True
Suppose -4*k + 6 = -18. Suppose -8 = -4*s + k*s. Is s/2*(-310)/4 composite?
True
Let b(o) = -2*o**2 - 9*o - 2. Let y be (24/(-18))/(2/9). Let d be b(y). Is (-15)/(-2)*d/(-6) a composite number?
True
Suppose 0 = 4*a + l - 601, 4*l - 597 = -3*a - 143. Let o be 19836/27 + (-1)/(-3). Suppose -o = -5*u + a. Is u composite?
True
Suppose 9*q - 5495 - 30118 = 0. Is q composite?
True
Suppose -11 + 14 = t. Let g be 2 + t*(-12)/(-9). Suppose -2*h = -g*h + 1972. Is h prime?
False
Suppose 8*c - 133607 = 173873. Is c composite?
True
Suppose 0*x - 8 = -4*x. Let b be -1 - -4 - (4 - 2). Is x - (b - (-3 - -264)) a composite number?
True
Suppose 5*z - 4*h = 54045, -30*z + 31*z - 10785 = -4*h. Is z composite?
True
Let p(d) = 444*d + 25. Is p(4) composite?
False
Is 3509 + ((-6)/21 - 16/(-7)) prime?
True
Let b be (4 + 0)/(6/2586). Suppose 3*u - 7*u = -b. Is u composite?
False
Let s be (-423 + -34)/((-2)/14*1). Suppose -s = -10*c + 3*c. Is c a composite number?
False
Let k(m) = 11 + 4 - 5 - 2*m + 11*m. Is k(5) prime?
False
Suppose 0 = 5*h + 3*g - 70, -6*g + 2*g - 13 = -3*h. Suppose -5*d + h*d - 5226 = 0. Is d a prime number?
False
Suppose -19 + 9 = 5*n. Is (1 + n)*(-335 + -2) a prime number?
True
Suppose 0 - 10 = -5*r. Suppose 4*y = 4*f + 384, -2*y - r*f + 243 = 47. Is y composite?
False
Let z(d) = -2290*d - 7. Is z(-5) composite?
False
Suppose 3*t = 3*p - 8*p + 23442, -t + 3*p = -7828. Is t composite?
True
Suppose 15 = 5*g - b, -21 = g - 4*g + 3*b. Suppose -q = 5*m - 6*q - 710, g*m + 2*q - 288 = 0. Is m composite?
True
Let g be 3839/44 + 3/4. Suppose -g - 106 = -2*v. Is v composite?
False
Suppose -2*s = -v - 7, 2*s - v - 16 = 3*v. Let t(o) = 8*o - 4*o + 179*o**2 + 113*o**s - 3*o. Is t(-1) a prime number?
False
Is 36807/(-2)*-1*(-56)/(-84) a composite number?
False
Let a(o) = 9*o**2 + 12 - 1 + 3*o - 5*o**2 + 2*o**3 - 1. Is a(7) a composite number?
True
Suppose -5*n + 4 + 1 = 0. Is (-86 - 7)/(0 - n) a prime number?
False
Let h(g) = 17 - 2*g - g**3 + 17 - 25 + 6*g**2. Let o be h(6). Let p(z) = -8*z - 2. Is p(o) composite?
True
Suppose -3*k + 25 + 671 = 0. Suppose -2*w + 54 = k. Let r = 136 + w. Is r a composite number?
False
Let u be 5 - 4*(-2)/(-4). Suppose u*d - 1635 = -4*m + m, -2*m - 3*d = -1094. Is m a prime number?
True
Let c = -112 - -245. Is c composite?
True
Let j be (-1 + 0)*4/(-1). Suppose -5*g + 518 = -j*g. Suppose 5*f - 2*q - 1981 + g = 0, f = 2*q + 291. Is f prime?
True
Is (-12)/(-42) - (-36822)/42 a composite number?
False
Let w = -22124 - -67605. Is w composite?
False
Let a(p) be the second derivative of 103*p**3/2 - 4*p**2 + 16*p - 1. Is a(5) composite?
True
Let v(t) = t**2 - 13*t + 24. Let x be v(11). Suppose x*u - u = 554. Is u prime?
False
Let k(x) = 4*x**3 - 3*x**2 - 7*x + 29. Is k(3) prime?
True
Let q(z) = 2*z**3 - 7*z**2 - 6*z + 5. Is q(6) composite?
False
Let y(j) = -j + 2. Let v be y(-2). Let k be (-20 - -12)/(v/(-50)). Let s = 239 - k. Is s prime?
True
Suppose -4*o + 128 = 28. Let n = 670 + o. Is n a prime number?
False
Suppose 3*a - 5*q - 1514 = 0, -4*q - 2008 = -4*a - 0*q. Is (-2)/8 - a/(-8) a composite number?
True
Let d(v) = v**3 + 7*v**2 + 3*v + 1. Let z be d(-4). Suppose 3*w = -2*n + z + 1, -3*n = 5*w - 63. Is -3*(-67)/w*4 a composite number?
False
Is (-669)/(-1) + 4 + (-2 - -3) a prime number?
False
Let y = 11889 - -14450. Is y a prime number?
True
Suppose y + 4*y = -s + 173, 5*y = -3*s + 489. Suppose -5*o + 489 = -4*p, -3*o - 5*p + s = -128. Is o a prime number?
True
Let d(t) = 6*t**2 + 5. Let h be d(-3). Suppose 3*z + 2*f = 491, -h + 224 = z + 2*f. Is z composite?
False
Let y(g) = -20*g + 12. Suppose -2*s = -0*l + l, 24 = -5*l - 2*s. Let q(b) = 10*b - 6. Let j(f) = l*y(f) - 11*q(f). Is j(4) composite?
True
Let s = 898 + -84. Suppose 0 = -3*m + m + s. Is m a composite number?
True
Suppose 0 = 4*l + 4*s + s - 2980, 5*s = -l + 730. Suppose -5*f + 3786 = -n, -f + n + l = -n. Is f a prime number?
False
Let c(i) = 2*i**3 + 887 - i**3 + 10*i - 8*i. Is c(0) a prime number?
True
Suppose -8*n - 33 = -9*n. Let o be n/9 + (-5)/(-15). Suppose 0 = o*b - 365 + 25. Is b a composite number?
True
Let x(q) = -5*q + 7*q**2 + 30*q - 22 + 15. Is x(-10) a composite number?
False
Let b(v) = 3*v - 19. Let r be b(7). Is r/(-8)*-3351 - (-10)/40 a prime number?
False
Let w be (3 - 1)/((-14)/(-553)). Let p be -3*(-4)/(-4) + 21. Let v = w + p. Is v a prime number?
True
Let w be (-355)/25 + 1/5. Let i be (-62)/w + 44/77. Suppose 2*r = -4*m + 558, -i*r + 118 - 556 = -3*m. Is m a composite number?
True
Let r(l) = -l**3 - 7*l**2 - 10*l - 8. Let j be r(-7). Suppose 0 = w - 12 - j. Is w a composite number?
True
Let a = 268 + -174. Suppose -3*k + 3*n = -99, 5*n + a + 40 = 4*k. Is k composite?
False
Suppose 26*k + 4194 = 25748. Is k prime?
True
Suppose -2*u = 24 + 68. Is ((-33)/(-3))/((-2)/u) a composite number?
True
Let p(m) = -m**3 - 6*m**2 + 9*m - 23. Is p(-13) a prime number?
False
Let d(c) = -45*c + 2. Let b(t) = -5 + 3 + 2 + 1. Let a(y) = -4*b(y) + d(y). Is a(-5) prime?
True
Let y(s) = 4 + 4*s + 9*s**2 - 45 - 4*s + 14*s. Is y(-12) a composite number?
False
Suppose -5*h = -4*j + 899, -203 = -h + 2*h + 5*j. Let u = -41 + h. Let n = u + 321. Is n composite?
False
Suppose 3*h - 1088 = 5*i, -5*h + 20*i - 23*i = -1802. Is h a composite number?
True
Suppose -5*i = 4*o - 17733, -3*i - 3*o = 2054 - 12695. Is i prime?
False
Let d = -183692 + 450709. Is d prime?
True
Let x be 2*(2583/(-6))/(-7). Suppose d = -0*d + x. Suppose -2*l + d + 43 = 0. Is l a prime number?
True
Let d = 543 + 1247. Suppose -2*j + d = 3*t + t, 3*j - 2*t - 2701 = 0. Is j a prime number?
False
Suppose 6*u - 153615 - 16443 = 0. Is u a prime number?
False
Let p = 30494 + -21571. Is p prime?
True
Suppose 2*v + 537 = -5*b + 6149, 3*b = -5*v + 14011. Suppose f - 5*q = 2822, -2*q + v = f - 0*q. Is f prime?
False
Suppose 2*a - 6 = 2*v, -a + 2*v + 3 + 0 = 0. Is (-541 + a)*5/(-10) a prime number?
True
Let o(h) = -2*h**3 - 11*h**2 + 11*h + 761. Let s(l) = -l**3 - 7*l**2 + 7*l + 507. Let k(u) = -5*o(u) + 8*s(u). Is k(0) prime?
True
Suppose 0 = 5*p, 5*p - 6*p - 72502 = -2*m. Is m a composite number?
False
Let f = -4 + -1. Let q(t) = 38*t**3 + 4*t**2 + 6*t - 3. Let p be q(f). Is p/(-7)*1/3 a composite number?
False
Let f(p) = p**3 + 10*p**2 - 2*p - 5. Let a be f(-10). Let l = a + -11. Suppose -v = l*x - 0*x - 50, 3*x = v - 43. Is v composite?
True
Let i(l) be the second derivative of 0 - 3*l + 15/2*l**2 + 1/6*l**3. Is i(0) a prime number?
False
Let u = 36 + 773. Is u prime?
True
Let c(d) = d**3 + d**2 + d + 631. Let j = 88 + -88. Is c(j) a prime number?
True
Let v(f) = -f**3 + 6*f**2 + 19*f + 29. Is v(-14) a composite number?
True
Is ((-3)/(-6))/(9/8082) a composite number?
False
Let v be (-18 - -17) + 1*-89. Let t = v - -349. Is t a composite number?
True
Let o = -15592 - -22539. Is o composite?
False
Suppose -25 = 4*v + 5*p, 2*v - 5 = v + p. Is (-3)/(-12)*(v + 3004) prime?
True
Suppose -t + y = 5*y + 54, t - 5*y = -54. Let v be t*(0 - (-28)/(-12)). Suppose -v + 2 = -4*m. Is m a composite number?
False
Suppose -20*f = -23*f + 15. Suppose 5*a = o - 0*a - 1384, f*a = 5*o - 6980. Is o prime?
True
Is 8881*(11/22 + 1/2) composite?
True
Suppose -14*n = -10*n + 8. Let f be (n/4)/(7/(-112)). Is (-6)/f*(8 - 292) composite?
True
Suppose 0*s - 2936 = 8*s. Let u = s - -722. Is u prime?
False
Is (33342/(-4))/(7 + 124/(-16)) a composite number?
True
